{"id":168698,"date":"2019-01-31T12:30:49","date_gmt":"2019-01-31T17:30:49","guid":{"rendered":"https:\/\/irpp-policy-options.local\/events\/amelioration-du-systeme-fiscal-canadien\/"},"modified":"2019-01-31T12:30:49","modified_gmt":"2019-01-31T17:30:49","slug":"amelioration-du-systeme-fiscal-canadien","status":"publish","type":"events","link":"https:\/\/potestlaunch.irpp.org\/fr\/events\/amelioration-du-systeme-fiscal-canadien\/","title":{"rendered":"Am\u00e9lioration du syst\u00e8me fiscal canadien"},"content":{"rendered":"<p>La mise \u00e0 jour \u00e9conomique de l\u2019automne pr\u00e9voit certaines mesures visant \u00e0 pr\u00e9server la comp\u00e9titivit\u00e9 de la fiscalit\u00e9 des entreprises canadiennes par rapport \u00e0 celles des \u00c9tats-Unis. Mais quels autres aspects de notre syst\u00e8me fiscal doit-on r\u00e9former\u202f? Le syst\u00e8me actuel peut-il vraiment s\u2019adapter \u00e0 l\u2019\u00e9volution de l\u2019\u00e9conomie et de la soci\u00e9t\u00e9 canadienne ? Comment se compare-t-il aux syst\u00e8mes fiscaux d\u2019autres pays\u202f?\u00a0Et comment pourrait-on att\u00e9nuer sa complexit\u00e9\u202f?\u00a0Trois experts se sont pench\u00e9s sur ces questions\u00a0lors d\u2019un panel qui s\u2019est tenu \u00e0 Ottawa.\u00a0<span data-ccp-props=\"{&quot;201341983&quot;:0,&quot;335559739&quot;:160,&quot;335559740&quot;:259}\">\u00a0<\/span><\/p>\n<p>Cette discussion fait partie d\u2019une\u00a0<a href=\"https:\/\/irpp.org\/fr\/irpp-event\/serie-de-discussions-preelectorales-du-magazine-options-politiques\/\">s\u00e9rie de petits-d\u00e9jeuners pr\u00e9\u00e9lectoraux<\/a>\u00a0sur\u00a0certains des grands enjeux qui devraient figurer aux d\u00e9bats de la campagne \u00e9lectorale 2019. Ils sont organis\u00e9s par le magazine\u202f<a href=\"https:\/\/potestlaunch.irpp.org\/fr\/\"><i>Options politiques<\/i><\/a>\u00a0de\u00a0concert avec l\u2019<a href=\"https:\/\/www.mcgill.ca\/maxbellschool\/?mc_cid=2fcca46432&amp;mc_eid=%5bUNIQID%5d&amp;mc_cid=3c50e85972&amp;mc_eid=%5bUNIQID%5d\">\u00c9cole de politiques publiques Max Bell<\/a>\u202fde\u00a0l\u2019Universit\u00e9 McGill.<span data-ccp-props=\"{&quot;201341983&quot;:0,&quot;335559739&quot;:160,&quot;335559740&quot;:259}\">\u00a0<\/span><\/p>\n<p><a href=\"https:\/\/irpp.org\/fr\/video\/amelioration-du-systeme-fiscal-canadien\/\">Vid\u00e9o<\/a><\/p>\n","protected":false},"excerpt":{"rendered":"<p>Quels autres aspects de notre syst\u00e8me fiscal doit-on r\u00e9former\u202f? Trois experts se sont pench\u00e9s sur cette question.<\/p>\n","protected":false},"featured_media":135379,"parent":0,"template":"","meta":{"_acf_changed":false,"content-type":"","ep_exclude_from_search":false},"event-source":[],"event-type":[6660,6676],"class_list":["post-168698","events","type-events","status-publish","has-post-thumbnail","hentry","event-type-events","event-type-panel"],"acf":[],"yoast_head":"<!-- This site is optimized with the Yoast SEO plugin v25.2 - https:\/\/yoast.com\/wordpress\/plugins\/seo\/ -->\n<title>Am\u00e9lioration du syst\u00e8me fiscal canadien<\/title>\n<meta name=\"description\" content=\"Quels autres aspects de notre syst\u00e8me fiscal doit-on r\u00e9former\u202f? Trois experts se sont pench\u00e9s sur cette question.\" \/>\n<meta name=\"robots\" content=\"index, follow, max-snippet:-1, max-image-preview:large, max-video-preview:-1\" \/>\n<link rel=\"canonical\" href=\"https:\/\/potestlaunch.irpp.org\/fr\/events\/amelioration-du-systeme-fiscal-canadien\/\" \/>\n<meta property=\"og:locale\" content=\"fr_FR\" \/>\n<meta property=\"og:type\" content=\"article\" \/>\n<meta property=\"og:title\" content=\"Am\u00e9lioration du syst\u00e8me fiscal canadien\" \/>\n<meta property=\"og:description\" content=\"Quels autres aspects de notre syst\u00e8me fiscal doit-on r\u00e9former\u202f? Trois experts se sont pench\u00e9s sur cette question.\" \/>\n<meta property=\"og:url\" content=\"https:\/\/potestlaunch.irpp.org\/fr\/events\/amelioration-du-systeme-fiscal-canadien\/\" \/>\n<meta property=\"og:site_name\" content=\"Policy Options\" \/>\n<meta property=\"article:publisher\" content=\"https:\/\/www.facebook.com\/IRPP.org\" \/>\n<meta property=\"og:image\" content=\"https:\/\/potestlaunch.irpp.org\/wp-content\/uploads\/2019\/04\/policy-options-og-image.jpg\" \/>\n\t<meta property=\"og:image:width\" content=\"1200\" \/>\n\t<meta property=\"og:image:height\" content=\"630\" \/>\n\t<meta property=\"og:image:type\" content=\"image\/jpeg\" \/>\n<meta name=\"twitter:card\" content=\"summary_large_image\" \/>\n<meta name=\"twitter:image\" content=\"https:\/\/irpp.org\/wp-content\/uploads\/2018\/12\/Twitter-Parliament.jpg\" \/>\n<meta name=\"twitter:site\" content=\"@irpp\" \/>\n<meta name=\"twitter:label1\" content=\"Est. reading time\" \/>\n\t<meta name=\"twitter:data1\" content=\"1 minute\" \/>\n<script type=\"application\/ld+json\" class=\"yoast-schema-graph\">{\"@context\":\"https:\/\/schema.org\",\"@graph\":[{\"@type\":\"WebPage\",\"@id\":\"https:\/\/potestlaunch.irpp.org\/fr\/events\/amelioration-du-systeme-fiscal-canadien\/\",\"url\":\"https:\/\/potestlaunch.irpp.org\/fr\/events\/amelioration-du-systeme-fiscal-canadien\/\",\"name\":\"Am\u00e9lioration du syst\u00e8me fiscal canadien\",\"isPartOf\":{\"@id\":\"https:\/\/potestlaunch.irpp.org\/fr\/#website\"},\"primaryImageOfPage\":{\"@id\":\"https:\/\/potestlaunch.irpp.org\/fr\/events\/amelioration-du-systeme-fiscal-canadien\/#primaryimage\"},\"image\":{\"@id\":\"https:\/\/potestlaunch.irpp.org\/fr\/events\/amelioration-du-systeme-fiscal-canadien\/#primaryimage\"},\"thumbnailUrl\":\"https:\/\/potestlaunch.irpp.org\/wp-content\/uploads\/2025\/03\/Parliament-Main.jpg\",\"datePublished\":\"2019-01-31T17:30:49+00:00\",\"description\":\"Quels autres aspects de notre syst\u00e8me fiscal doit-on r\u00e9former\u202f? Trois experts se sont pench\u00e9s sur cette question.\",\"breadcrumb\":{\"@id\":\"https:\/\/potestlaunch.irpp.org\/fr\/events\/amelioration-du-systeme-fiscal-canadien\/#breadcrumb\"},\"inLanguage\":\"fr-FR\",\"potentialAction\":[{\"@type\":\"ReadAction\",\"target\":[\"https:\/\/potestlaunch.irpp.org\/fr\/events\/amelioration-du-systeme-fiscal-canadien\/\"]}]},{\"@type\":\"ImageObject\",\"inLanguage\":\"fr-FR\",\"@id\":\"https:\/\/potestlaunch.irpp.org\/fr\/events\/amelioration-du-systeme-fiscal-canadien\/#primaryimage\",\"url\":\"https:\/\/potestlaunch.irpp.org\/wp-content\/uploads\/2025\/03\/Parliament-Main.jpg\",\"contentUrl\":\"https:\/\/potestlaunch.irpp.org\/wp-content\/uploads\/2025\/03\/Parliament-Main.jpg\",\"width\":2000,\"height\":700},{\"@type\":\"BreadcrumbList\",\"@id\":\"https:\/\/potestlaunch.irpp.org\/fr\/events\/amelioration-du-systeme-fiscal-canadien\/#breadcrumb\",\"itemListElement\":[{\"@type\":\"ListItem\",\"position\":1,\"name\":\"Home\",\"item\":\"https:\/\/potestlaunch.irpp.org\/fr\/\"},{\"@type\":\"ListItem\",\"position\":2,\"name\":\"Am\u00e9lioration du syst\u00e8me fiscal canadien\"}]},{\"@type\":\"WebSite\",\"@id\":\"https:\/\/potestlaunch.irpp.org\/fr\/#website\",\"url\":\"https:\/\/potestlaunch.irpp.org\/fr\/\",\"name\":\"Policy Options\",\"description\":\"Institute for Research on Public Policy\",\"publisher\":{\"@id\":\"https:\/\/potestlaunch.irpp.org\/fr\/#organization\"},\"potentialAction\":[{\"@type\":\"SearchAction\",\"target\":{\"@type\":\"EntryPoint\",\"urlTemplate\":\"https:\/\/potestlaunch.irpp.org\/fr\/?s={search_term_string}\"},\"query-input\":{\"@type\":\"PropertyValueSpecification\",\"valueRequired\":true,\"valueName\":\"search_term_string\"}}],\"inLanguage\":\"fr-FR\"},{\"@type\":\"Organization\",\"@id\":\"https:\/\/potestlaunch.irpp.org\/fr\/#organization\",\"name\":\"Policy Options\",\"url\":\"https:\/\/potestlaunch.irpp.org\/fr\/\",\"logo\":{\"@type\":\"ImageObject\",\"inLanguage\":\"fr-FR\",\"@id\":\"https:\/\/potestlaunch.irpp.org\/fr\/#\/schema\/logo\/image\/\",\"url\":\"https:\/\/potestlaunch.irpp.org\/wp-content\/uploads\/2024\/11\/PolicyOptions_Logo.png\",\"contentUrl\":\"https:\/\/potestlaunch.irpp.org\/wp-content\/uploads\/2024\/11\/PolicyOptions_Logo.png\",\"width\":1200,\"height\":365,\"caption\":\"Policy Options\"},\"image\":{\"@id\":\"https:\/\/potestlaunch.irpp.org\/fr\/#\/schema\/logo\/image\/\"},\"sameAs\":[\"https:\/\/www.facebook.com\/IRPP.org\",\"https:\/\/x.com\/irpp\"]}]}<\/script>\n<!-- \/ Yoast SEO plugin. -->","yoast_head_json":{"title":"Am\u00e9lioration du syst\u00e8me fiscal canadien","description":"Quels autres aspects de notre syst\u00e8me fiscal doit-on r\u00e9former\u202f? Trois experts se sont pench\u00e9s sur cette question.","robots":{"index":"index","follow":"follow","max-snippet":"max-snippet:-1","max-image-preview":"max-image-preview:large","max-video-preview":"max-video-preview:-1"},"canonical":"https:\/\/potestlaunch.irpp.org\/fr\/events\/amelioration-du-systeme-fiscal-canadien\/","og_locale":"fr_FR","og_type":"article","og_title":"Am\u00e9lioration du syst\u00e8me fiscal canadien","og_description":"Quels autres aspects de notre syst\u00e8me fiscal doit-on r\u00e9former\u202f? Trois experts se sont pench\u00e9s sur cette question.","og_url":"https:\/\/potestlaunch.irpp.org\/fr\/events\/amelioration-du-systeme-fiscal-canadien\/","og_site_name":"Policy Options","article_publisher":"https:\/\/www.facebook.com\/IRPP.org","og_image":[{"width":1200,"height":630,"url":"https:\/\/potestlaunch.irpp.org\/wp-content\/uploads\/2019\/04\/policy-options-og-image.jpg","type":"image\/jpeg"}],"twitter_card":"summary_large_image","twitter_image":"https:\/\/irpp.org\/wp-content\/uploads\/2018\/12\/Twitter-Parliament.jpg","twitter_site":"@irpp","twitter_misc":{"Est. reading time":"1 minute"},"schema":{"@context":"https:\/\/schema.org","@graph":[{"@type":"WebPage","@id":"https:\/\/potestlaunch.irpp.org\/fr\/events\/amelioration-du-systeme-fiscal-canadien\/","url":"https:\/\/potestlaunch.irpp.org\/fr\/events\/amelioration-du-systeme-fiscal-canadien\/","name":"Am\u00e9lioration du syst\u00e8me fiscal canadien","isPartOf":{"@id":"https:\/\/potestlaunch.irpp.org\/fr\/#website"},"primaryImageOfPage":{"@id":"https:\/\/potestlaunch.irpp.org\/fr\/events\/amelioration-du-systeme-fiscal-canadien\/#primaryimage"},"image":{"@id":"https:\/\/potestlaunch.irpp.org\/fr\/events\/amelioration-du-systeme-fiscal-canadien\/#primaryimage"},"thumbnailUrl":"https:\/\/potestlaunch.irpp.org\/wp-content\/uploads\/2025\/03\/Parliament-Main.jpg","datePublished":"2019-01-31T17:30:49+00:00","description":"Quels autres aspects de notre syst\u00e8me fiscal doit-on r\u00e9former\u202f? Trois experts se sont pench\u00e9s sur cette question.","breadcrumb":{"@id":"https:\/\/potestlaunch.irpp.org\/fr\/events\/amelioration-du-systeme-fiscal-canadien\/#breadcrumb"},"inLanguage":"fr-FR","potentialAction":[{"@type":"ReadAction","target":["https:\/\/potestlaunch.irpp.org\/fr\/events\/amelioration-du-systeme-fiscal-canadien\/"]}]},{"@type":"ImageObject","inLanguage":"fr-FR","@id":"https:\/\/potestlaunch.irpp.org\/fr\/events\/amelioration-du-systeme-fiscal-canadien\/#primaryimage","url":"https:\/\/potestlaunch.irpp.org\/wp-content\/uploads\/2025\/03\/Parliament-Main.jpg","contentUrl":"https:\/\/potestlaunch.irpp.org\/wp-content\/uploads\/2025\/03\/Parliament-Main.jpg","width":2000,"height":700},{"@type":"BreadcrumbList","@id":"https:\/\/potestlaunch.irpp.org\/fr\/events\/amelioration-du-systeme-fiscal-canadien\/#breadcrumb","itemListElement":[{"@type":"ListItem","position":1,"name":"Home","item":"https:\/\/potestlaunch.irpp.org\/fr\/"},{"@type":"ListItem","position":2,"name":"Am\u00e9lioration du syst\u00e8me fiscal canadien"}]},{"@type":"WebSite","@id":"https:\/\/potestlaunch.irpp.org\/fr\/#website","url":"https:\/\/potestlaunch.irpp.org\/fr\/","name":"Policy Options","description":"Institute for Research on Public Policy","publisher":{"@id":"https:\/\/potestlaunch.irpp.org\/fr\/#organization"},"potentialAction":[{"@type":"SearchAction","target":{"@type":"EntryPoint","urlTemplate":"https:\/\/potestlaunch.irpp.org\/fr\/?s={search_term_string}"},"query-input":{"@type":"PropertyValueSpecification","valueRequired":true,"valueName":"search_term_string"}}],"inLanguage":"fr-FR"},{"@type":"Organization","@id":"https:\/\/potestlaunch.irpp.org\/fr\/#organization","name":"Policy Options","url":"https:\/\/potestlaunch.irpp.org\/fr\/","logo":{"@type":"ImageObject","inLanguage":"fr-FR","@id":"https:\/\/potestlaunch.irpp.org\/fr\/#\/schema\/logo\/image\/","url":"https:\/\/potestlaunch.irpp.org\/wp-content\/uploads\/2024\/11\/PolicyOptions_Logo.png","contentUrl":"https:\/\/potestlaunch.irpp.org\/wp-content\/uploads\/2024\/11\/PolicyOptions_Logo.png","width":1200,"height":365,"caption":"Policy Options"},"image":{"@id":"https:\/\/potestlaunch.irpp.org\/fr\/#\/schema\/logo\/image\/"},"sameAs":["https:\/\/www.facebook.com\/IRPP.org","https:\/\/x.com\/irpp"]}]}},"_links":{"self":[{"href":"https:\/\/potestlaunch.irpp.org\/fr\/wp-json\/wp\/v2\/events\/168698","targetHints":{"allow":["GET"]}}],"collection":[{"href":"https:\/\/potestlaunch.irpp.org\/fr\/wp-json\/wp\/v2\/events"}],"about":[{"href":"https:\/\/potestlaunch.irpp.org\/fr\/wp-json\/wp\/v2\/types\/events"}],"wp:featuredmedia":[{"embeddable":true,"href":"https:\/\/potestlaunch.irpp.org\/fr\/wp-json\/wp\/v2\/media\/135379"}],"wp:attachment":[{"href":"https:\/\/potestlaunch.irpp.org\/fr\/wp-json\/wp\/v2\/media?parent=168698"}],"wp:term":[{"taxonomy":"event-source","embeddable":true,"href":"https:\/\/potestlaunch.irpp.org\/fr\/wp-json\/wp\/v2\/event-source?post=168698"},{"taxonomy":"event-type","embeddable":true,"href":"https:\/\/potestlaunch.irpp.org\/fr\/wp-json\/wp\/v2\/event-type?post=168698"}],"curies":[{"name":"wp","href":"https:\/\/api.w.org\/{rel}","templated":true}]}}

Amélioration du système fiscal canadien

<p>La mise à jour économique de l’automne prévoit certaines mesures visant à préserver la compétitivité de la fiscalité des entreprises canadiennes par rapport à celles des États-Unis. Mais quels autres aspects de notre système fiscal doit-on réformer ? Le système actuel peut-il vraiment s’adapter à l’évolution de l’économie et de la société canadienne ? Comment se compare-t-il aux systèmes fiscaux d’autres pays ? Et comment pourrait-on atténuer sa complexité ? Trois experts se sont penchés sur ces questions lors d’un panel qui s’est tenu à Ottawa. <span data-ccp-props="{&quot;201341983&quot;:0,&quot;335559739&quot;:160,&quot;335559740&quot;:259}"> </span></p>
<p>Cette discussion fait partie d’une <a href="https://irpp.org/fr/irpp-event/serie-de-discussions-preelectorales-du-magazine-options-politiques/">série de petits-déjeuners préélectoraux</a> sur certains des grands enjeux qui devraient figurer aux débats de la campagne électorale 2019. Ils sont organisés par le magazine <a href="https://potestlaunch.irpp.org/fr/"><i>Options politiques</i></a> de concert avec l’<a href="https://www.mcgill.ca/maxbellschool/?mc_cid=2fcca46432&amp;mc_eid=%5bUNIQID%5d&amp;mc_cid=3c50e85972&amp;mc_eid=%5bUNIQID%5d">École de politiques publiques Max Bell</a> de l’Université McGill.<span data-ccp-props="{&quot;201341983&quot;:0,&quot;335559739&quot;:160,&quot;335559740&quot;:259}"> </span></p>
<p><a href="https://irpp.org/fr/video/amelioration-du-systeme-fiscal-canadien/">Vidéo</a></p>

<p>Quels autres aspects de notre système fiscal doit-on réformer ? Trois experts se sont penchés sur cette question.</p>

<!-- This site is optimized with the Yoast SEO plugin v25.2 - https://yoast.com/wordpress/plugins/seo/ -->
<title>Amélioration du système fiscal canadien</title>
<meta name="description" content="Quels autres aspects de notre système fiscal doit-on réformer ? Trois experts se sont penchés sur cette question." />
<meta name="robots" content="index, follow, max-snippet:-1, max-image-preview:large, max-video-preview:-1" />
<link rel="canonical" href="https://potestlaunch.irpp.org/fr/events/amelioration-du-systeme-fiscal-canadien/" />
<meta property="og:locale" content="fr_FR" />
<meta property="og:type" content="article" />
<meta property="og:title" content="Amélioration du système fiscal canadien" />
<meta property="og:description" content="Quels autres aspects de notre système fiscal doit-on réformer ? Trois experts se sont penchés sur cette question." />
<meta property="og:url" content="https://potestlaunch.irpp.org/fr/events/amelioration-du-systeme-fiscal-canadien/" />
<meta property="og:site_name" content="Policy Options" />
<meta property="article:publisher" content="https://www.facebook.com/IRPP.org" />
<meta property="og:image" content="https://potestlaunch.irpp.org/wp-content/uploads/2019/04/policy-options-og-image.jpg" />
	<meta property="og:image:width" content="1200" />
	<meta property="og:image:height" content="630" />
	<meta property="og:image:type" content="image/jpeg" />
<meta name="twitter:card" content="summary_large_image" />
<meta name="twitter:image" content="https://irpp.org/wp-content/uploads/2018/12/Twitter-Parliament.jpg" />
<meta name="twitter:site" content="@irpp" />
<meta name="twitter:label1" content="Est. reading time" />
	<meta name="twitter:data1" content="1 minute" />
<script type="application/ld+json" class="yoast-schema-graph">{"@context":"https://schema.org","@graph":[{"@type":"WebPage","@id":"https://potestlaunch.irpp.org/fr/events/amelioration-du-systeme-fiscal-canadien/","url":"https://potestlaunch.irpp.org/fr/events/amelioration-du-systeme-fiscal-canadien/","name":"Amélioration du système fiscal canadien","isPartOf":{"@id":"https://potestlaunch.irpp.org/fr/#website"},"primaryImageOfPage":{"@id":"https://potestlaunch.irpp.org/fr/events/amelioration-du-systeme-fiscal-canadien/#primaryimage"},"image":{"@id":"https://potestlaunch.irpp.org/fr/events/amelioration-du-systeme-fiscal-canadien/#primaryimage"},"thumbnailUrl":"https://potestlaunch.irpp.org/wp-content/uploads/2025/03/Parliament-Main.jpg","datePublished":"2019-01-31T17:30:49+00:00","description":"Quels autres aspects de notre système fiscal doit-on réformer ? Trois experts se sont penchés sur cette question.","breadcrumb":{"@id":"https://potestlaunch.irpp.org/fr/events/amelioration-du-systeme-fiscal-canadien/#breadcrumb"},"inLanguage":"fr-FR","potentialAction":[{"@type":"ReadAction","target":["https://potestlaunch.irpp.org/fr/events/amelioration-du-systeme-fiscal-canadien/"]}]},{"@type":"ImageObject","inLanguage":"fr-FR","@id":"https://potestlaunch.irpp.org/fr/events/amelioration-du-systeme-fiscal-canadien/#primaryimage","url":"https://potestlaunch.irpp.org/wp-content/uploads/2025/03/Parliament-Main.jpg","contentUrl":"https://potestlaunch.irpp.org/wp-content/uploads/2025/03/Parliament-Main.jpg","width":2000,"height":700},{"@type":"BreadcrumbList","@id":"https://potestlaunch.irpp.org/fr/events/amelioration-du-systeme-fiscal-canadien/#breadcrumb","itemListElement":[{"@type":"ListItem","position":1,"name":"Home","item":"https://potestlaunch.irpp.org/fr/"},{"@type":"ListItem","position":2,"name":"Amélioration du système fiscal canadien"}]},{"@type":"WebSite","@id":"https://potestlaunch.irpp.org/fr/#website","url":"https://potestlaunch.irpp.org/fr/","name":"Policy Options","description":"Institute for Research on Public Policy","publisher":{"@id":"https://potestlaunch.irpp.org/fr/#organization"},"potentialAction":[{"@type":"SearchAction","target":{"@type":"EntryPoint","urlTemplate":"https://potestlaunch.irpp.org/fr/?s={search_term_string}"},"query-input":{"@type":"PropertyValueSpecification","valueRequired":true,"valueName":"search_term_string"}}],"inLanguage":"fr-FR"},{"@type":"Organization","@id":"https://potestlaunch.irpp.org/fr/#organization","name":"Policy Options","url":"https://potestlaunch.irpp.org/fr/","logo":{"@type":"ImageObject","inLanguage":"fr-FR","@id":"https://potestlaunch.irpp.org/fr/#/schema/logo/image/","url":"https://potestlaunch.irpp.org/wp-content/uploads/2024/11/PolicyOptions_Logo.png","contentUrl":"https://potestlaunch.irpp.org/wp-content/uploads/2024/11/PolicyOptions_Logo.png","width":1200,"height":365,"caption":"Policy Options"},"image":{"@id":"https://potestlaunch.irpp.org/fr/#/schema/logo/image/"},"sameAs":["https://www.facebook.com/IRPP.org","https://x.com/irpp"]}]}</script>
<!-- / Yoast SEO plugin. -->

Quels autres aspects de notre système fiscal doit-on réformer ? Trois experts se sont penchés sur cette question.
