{"id":169420,"date":"2023-04-05T14:04:53","date_gmt":"2023-04-05T18:04:53","guid":{"rendered":"https:\/\/irpp-policy-options.local\/events\/la-relation-des-citoyens-avec-les-institutions-durant-la-pandemie\/"},"modified":"2023-04-05T14:04:53","modified_gmt":"2023-04-05T18:04:53","slug":"la-relation-des-citoyens-avec-les-institutions-durant-la-pandemie","status":"publish","type":"events","link":"https:\/\/potestlaunch.irpp.org\/fr\/events\/la-relation-des-citoyens-avec-les-institutions-durant-la-pandemie\/","title":{"rendered":"La relation des citoyens avec les institutions durant la pand\u00e9mie"},"content":{"rendered":"<p>En plus d\u2019entendre ceux qui sont au c\u0153ur de la r\u00e9ponse \u00e0 la pand\u00e9mie, une analyse de cette r\u00e9ponse doit prendre en compte les points de vue et les exp\u00e9riences de la population dans son ensemble. Cette table ronde r\u00e9unira des personnes ayant une connaissance concr\u00e8te de la mani\u00e8re dont divers groupes ont \u00e9t\u00e9 touch\u00e9s par la pand\u00e9mie. Elles examineront comment les institutions ont fonctionn\u00e9 pendant cette crise et d\u00e9termineront comment nous pouvons faire en sorte que les voix et les exp\u00e9riences du public ne soient pas n\u00e9glig\u00e9es dans le processus de prise de d\u00e9cision. L\u2019\u00e9v\u00e9nement nous permettra d\u2019explorer des solutions pour des institutions plus efficaces et plus inclusives qui r\u00e9pondent mieux aux divers besoins des communaut\u00e9s.<\/p>\n<hr \/>\n<p><em>N. B.: Cette table ronde est r\u00e9serv\u00e9e aux participants inscrits \u00e0 l&rsquo;ensemble de la conf\u00e9rence. Pour plus d&rsquo;informations, <a href=\"https:\/\/irpp.org\/fr\/irpp-event\/institutions-resilientes-apprendre-de-la-pandemie-de-covid-19-au-canada\/\">visitez la page principale de la conf\u00e9rence<\/a>. <\/em><em>Seuls les participants ayant confirm\u00e9 leur pr\u00e9sence sont pr\u00e9sent\u00e9s ici. La composition de la table ronde n&rsquo;est pas encore finale.<\/em><\/p>\n<p>Prochaine table ronde : <a href=\"https:\/\/irpp.org\/fr\/irpp-event\/la-confiance-la-communication-et-la-prise-de-decision\/\">La confiance, la communication et la prise de d\u00e9cision<\/a><\/p>\n","protected":false},"excerpt":{"rendered":"<p>En plus d\u2019entendre ceux qui sont au c\u0153ur de la r\u00e9ponse \u00e0 la pand\u00e9mie, une analyse de cette r\u00e9ponse doit prendre en compte les points de vue et les exp\u00e9riences de la population dans son ensemble. Cette table ronde r\u00e9unira des personnes ayant une connaissance concr\u00e8te de la mani\u00e8re dont divers groupes ont \u00e9t\u00e9 touch\u00e9s [&hellip;]<\/p>\n","protected":false},"featured_media":136919,"parent":0,"template":"","meta":{"_acf_changed":false,"content-type":"","ep_exclude_from_search":false},"event-source":[6687],"event-type":[6660,6671],"class_list":["post-169420","events","type-events","status-publish","has-post-thumbnail","hentry","event-source-centre-dexcellence","event-type-events","event-type-table-ronde"],"acf":[],"yoast_head":"<!-- This site is optimized with the Yoast SEO plugin v25.2 - https:\/\/yoast.com\/wordpress\/plugins\/seo\/ -->\n<title>La relation des citoyens avec les institutions durant la pand\u00e9mie - Policy Options<\/title>\n<meta name=\"robots\" content=\"index, follow, max-snippet:-1, max-image-preview:large, max-video-preview:-1\" \/>\n<link rel=\"canonical\" href=\"https:\/\/potestlaunch.irpp.org\/fr\/events\/la-relation-des-citoyens-avec-les-institutions-durant-la-pandemie\/\" \/>\n<meta property=\"og:locale\" content=\"fr_FR\" \/>\n<meta property=\"og:type\" content=\"article\" \/>\n<meta property=\"og:title\" content=\"La relation des citoyens avec les institutions durant la pand\u00e9mie - Policy Options\" \/>\n<meta property=\"og:description\" content=\"En plus d\u2019entendre ceux qui sont au c\u0153ur de la r\u00e9ponse \u00e0 la pand\u00e9mie, une analyse de cette r\u00e9ponse doit prendre en compte les points de vue et les exp\u00e9riences de la population dans son ensemble. Cette table ronde r\u00e9unira des personnes ayant une connaissance concr\u00e8te de la mani\u00e8re dont divers groupes ont \u00e9t\u00e9 touch\u00e9s [&hellip;]\" \/>\n<meta property=\"og:url\" content=\"https:\/\/potestlaunch.irpp.org\/fr\/events\/la-relation-des-citoyens-avec-les-institutions-durant-la-pandemie\/\" \/>\n<meta property=\"og:site_name\" content=\"Policy Options\" \/>\n<meta property=\"article:publisher\" content=\"https:\/\/www.facebook.com\/IRPP.org\" \/>\n<meta property=\"og:image\" content=\"https:\/\/potestlaunch.irpp.org\/wp-content\/uploads\/2025\/03\/Resilient-Institutions-Learning-from-Canadas-COVID-19-Pandemic.jpg\" \/>\n\t<meta property=\"og:image:width\" content=\"1920\" \/>\n\t<meta property=\"og:image:height\" content=\"1080\" \/>\n\t<meta property=\"og:image:type\" content=\"image\/jpeg\" \/>\n<meta name=\"twitter:card\" content=\"summary_large_image\" \/>\n<meta name=\"twitter:site\" content=\"@irpp\" \/>\n<meta name=\"twitter:label1\" content=\"Est. reading time\" \/>\n\t<meta name=\"twitter:data1\" content=\"1 minute\" \/>\n<script type=\"application\/ld+json\" class=\"yoast-schema-graph\">{\"@context\":\"https:\/\/schema.org\",\"@graph\":[{\"@type\":\"WebPage\",\"@id\":\"https:\/\/potestlaunch.irpp.org\/fr\/events\/la-relation-des-citoyens-avec-les-institutions-durant-la-pandemie\/\",\"url\":\"https:\/\/potestlaunch.irpp.org\/fr\/events\/la-relation-des-citoyens-avec-les-institutions-durant-la-pandemie\/\",\"name\":\"La relation des citoyens avec les institutions durant la pand\u00e9mie - Policy Options\",\"isPartOf\":{\"@id\":\"https:\/\/potestlaunch.irpp.org\/fr\/#website\"},\"primaryImageOfPage\":{\"@id\":\"https:\/\/potestlaunch.irpp.org\/fr\/events\/la-relation-des-citoyens-avec-les-institutions-durant-la-pandemie\/#primaryimage\"},\"image\":{\"@id\":\"https:\/\/potestlaunch.irpp.org\/fr\/events\/la-relation-des-citoyens-avec-les-institutions-durant-la-pandemie\/#primaryimage\"},\"thumbnailUrl\":\"https:\/\/potestlaunch.irpp.org\/wp-content\/uploads\/2025\/03\/Resilient-Institutions-Learning-from-Canadas-COVID-19-Pandemic.jpg\",\"datePublished\":\"2023-04-05T18:04:53+00:00\",\"breadcrumb\":{\"@id\":\"https:\/\/potestlaunch.irpp.org\/fr\/events\/la-relation-des-citoyens-avec-les-institutions-durant-la-pandemie\/#breadcrumb\"},\"inLanguage\":\"fr-FR\",\"potentialAction\":[{\"@type\":\"ReadAction\",\"target\":[\"https:\/\/potestlaunch.irpp.org\/fr\/events\/la-relation-des-citoyens-avec-les-institutions-durant-la-pandemie\/\"]}]},{\"@type\":\"ImageObject\",\"inLanguage\":\"fr-FR\",\"@id\":\"https:\/\/potestlaunch.irpp.org\/fr\/events\/la-relation-des-citoyens-avec-les-institutions-durant-la-pandemie\/#primaryimage\",\"url\":\"https:\/\/potestlaunch.irpp.org\/wp-content\/uploads\/2025\/03\/Resilient-Institutions-Learning-from-Canadas-COVID-19-Pandemic.jpg\",\"contentUrl\":\"https:\/\/potestlaunch.irpp.org\/wp-content\/uploads\/2025\/03\/Resilient-Institutions-Learning-from-Canadas-COVID-19-Pandemic.jpg\",\"width\":1920,\"height\":1080},{\"@type\":\"BreadcrumbList\",\"@id\":\"https:\/\/potestlaunch.irpp.org\/fr\/events\/la-relation-des-citoyens-avec-les-institutions-durant-la-pandemie\/#breadcrumb\",\"itemListElement\":[{\"@type\":\"ListItem\",\"position\":1,\"name\":\"Home\",\"item\":\"https:\/\/potestlaunch.irpp.org\/fr\/\"},{\"@type\":\"ListItem\",\"position\":2,\"name\":\"La relation des citoyens avec les institutions durant la pand\u00e9mie\"}]},{\"@type\":\"WebSite\",\"@id\":\"https:\/\/potestlaunch.irpp.org\/fr\/#website\",\"url\":\"https:\/\/potestlaunch.irpp.org\/fr\/\",\"name\":\"Policy Options\",\"description\":\"Institute for Research on Public Policy\",\"publisher\":{\"@id\":\"https:\/\/potestlaunch.irpp.org\/fr\/#organization\"},\"potentialAction\":[{\"@type\":\"SearchAction\",\"target\":{\"@type\":\"EntryPoint\",\"urlTemplate\":\"https:\/\/potestlaunch.irpp.org\/fr\/?s={search_term_string}\"},\"query-input\":{\"@type\":\"PropertyValueSpecification\",\"valueRequired\":true,\"valueName\":\"search_term_string\"}}],\"inLanguage\":\"fr-FR\"},{\"@type\":\"Organization\",\"@id\":\"https:\/\/potestlaunch.irpp.org\/fr\/#organization\",\"name\":\"Policy Options\",\"url\":\"https:\/\/potestlaunch.irpp.org\/fr\/\",\"logo\":{\"@type\":\"ImageObject\",\"inLanguage\":\"fr-FR\",\"@id\":\"https:\/\/potestlaunch.irpp.org\/fr\/#\/schema\/logo\/image\/\",\"url\":\"https:\/\/potestlaunch.irpp.org\/wp-content\/uploads\/2024\/11\/PolicyOptions_Logo.png\",\"contentUrl\":\"https:\/\/potestlaunch.irpp.org\/wp-content\/uploads\/2024\/11\/PolicyOptions_Logo.png\",\"width\":1200,\"height\":365,\"caption\":\"Policy Options\"},\"image\":{\"@id\":\"https:\/\/potestlaunch.irpp.org\/fr\/#\/schema\/logo\/image\/\"},\"sameAs\":[\"https:\/\/www.facebook.com\/IRPP.org\",\"https:\/\/x.com\/irpp\"]}]}<\/script>\n<!-- \/ Yoast SEO plugin. -->","yoast_head_json":{"title":"La relation des citoyens avec les institutions durant la pand\u00e9mie - Policy Options","robots":{"index":"index","follow":"follow","max-snippet":"max-snippet:-1","max-image-preview":"max-image-preview:large","max-video-preview":"max-video-preview:-1"},"canonical":"https:\/\/potestlaunch.irpp.org\/fr\/events\/la-relation-des-citoyens-avec-les-institutions-durant-la-pandemie\/","og_locale":"fr_FR","og_type":"article","og_title":"La relation des citoyens avec les institutions durant la pand\u00e9mie - Policy Options","og_description":"En plus d\u2019entendre ceux qui sont au c\u0153ur de la r\u00e9ponse \u00e0 la pand\u00e9mie, une analyse de cette r\u00e9ponse doit prendre en compte les points de vue et les exp\u00e9riences de la population dans son ensemble. Cette table ronde r\u00e9unira des personnes ayant une connaissance concr\u00e8te de la mani\u00e8re dont divers groupes ont \u00e9t\u00e9 touch\u00e9s [&hellip;]","og_url":"https:\/\/potestlaunch.irpp.org\/fr\/events\/la-relation-des-citoyens-avec-les-institutions-durant-la-pandemie\/","og_site_name":"Policy Options","article_publisher":"https:\/\/www.facebook.com\/IRPP.org","og_image":[{"width":1920,"height":1080,"url":"https:\/\/potestlaunch.irpp.org\/wp-content\/uploads\/2025\/03\/Resilient-Institutions-Learning-from-Canadas-COVID-19-Pandemic.jpg","type":"image\/jpeg"}],"twitter_card":"summary_large_image","twitter_site":"@irpp","twitter_misc":{"Est. reading time":"1 minute"},"schema":{"@context":"https:\/\/schema.org","@graph":[{"@type":"WebPage","@id":"https:\/\/potestlaunch.irpp.org\/fr\/events\/la-relation-des-citoyens-avec-les-institutions-durant-la-pandemie\/","url":"https:\/\/potestlaunch.irpp.org\/fr\/events\/la-relation-des-citoyens-avec-les-institutions-durant-la-pandemie\/","name":"La relation des citoyens avec les institutions durant la pand\u00e9mie - Policy Options","isPartOf":{"@id":"https:\/\/potestlaunch.irpp.org\/fr\/#website"},"primaryImageOfPage":{"@id":"https:\/\/potestlaunch.irpp.org\/fr\/events\/la-relation-des-citoyens-avec-les-institutions-durant-la-pandemie\/#primaryimage"},"image":{"@id":"https:\/\/potestlaunch.irpp.org\/fr\/events\/la-relation-des-citoyens-avec-les-institutions-durant-la-pandemie\/#primaryimage"},"thumbnailUrl":"https:\/\/potestlaunch.irpp.org\/wp-content\/uploads\/2025\/03\/Resilient-Institutions-Learning-from-Canadas-COVID-19-Pandemic.jpg","datePublished":"2023-04-05T18:04:53+00:00","breadcrumb":{"@id":"https:\/\/potestlaunch.irpp.org\/fr\/events\/la-relation-des-citoyens-avec-les-institutions-durant-la-pandemie\/#breadcrumb"},"inLanguage":"fr-FR","potentialAction":[{"@type":"ReadAction","target":["https:\/\/potestlaunch.irpp.org\/fr\/events\/la-relation-des-citoyens-avec-les-institutions-durant-la-pandemie\/"]}]},{"@type":"ImageObject","inLanguage":"fr-FR","@id":"https:\/\/potestlaunch.irpp.org\/fr\/events\/la-relation-des-citoyens-avec-les-institutions-durant-la-pandemie\/#primaryimage","url":"https:\/\/potestlaunch.irpp.org\/wp-content\/uploads\/2025\/03\/Resilient-Institutions-Learning-from-Canadas-COVID-19-Pandemic.jpg","contentUrl":"https:\/\/potestlaunch.irpp.org\/wp-content\/uploads\/2025\/03\/Resilient-Institutions-Learning-from-Canadas-COVID-19-Pandemic.jpg","width":1920,"height":1080},{"@type":"BreadcrumbList","@id":"https:\/\/potestlaunch.irpp.org\/fr\/events\/la-relation-des-citoyens-avec-les-institutions-durant-la-pandemie\/#breadcrumb","itemListElement":[{"@type":"ListItem","position":1,"name":"Home","item":"https:\/\/potestlaunch.irpp.org\/fr\/"},{"@type":"ListItem","position":2,"name":"La relation des citoyens avec les institutions durant la pand\u00e9mie"}]},{"@type":"WebSite","@id":"https:\/\/potestlaunch.irpp.org\/fr\/#website","url":"https:\/\/potestlaunch.irpp.org\/fr\/","name":"Policy Options","description":"Institute for Research on Public Policy","publisher":{"@id":"https:\/\/potestlaunch.irpp.org\/fr\/#organization"},"potentialAction":[{"@type":"SearchAction","target":{"@type":"EntryPoint","urlTemplate":"https:\/\/potestlaunch.irpp.org\/fr\/?s={search_term_string}"},"query-input":{"@type":"PropertyValueSpecification","valueRequired":true,"valueName":"search_term_string"}}],"inLanguage":"fr-FR"},{"@type":"Organization","@id":"https:\/\/potestlaunch.irpp.org\/fr\/#organization","name":"Policy Options","url":"https:\/\/potestlaunch.irpp.org\/fr\/","logo":{"@type":"ImageObject","inLanguage":"fr-FR","@id":"https:\/\/potestlaunch.irpp.org\/fr\/#\/schema\/logo\/image\/","url":"https:\/\/potestlaunch.irpp.org\/wp-content\/uploads\/2024\/11\/PolicyOptions_Logo.png","contentUrl":"https:\/\/potestlaunch.irpp.org\/wp-content\/uploads\/2024\/11\/PolicyOptions_Logo.png","width":1200,"height":365,"caption":"Policy Options"},"image":{"@id":"https:\/\/potestlaunch.irpp.org\/fr\/#\/schema\/logo\/image\/"},"sameAs":["https:\/\/www.facebook.com\/IRPP.org","https:\/\/x.com\/irpp"]}]}},"_links":{"self":[{"href":"https:\/\/potestlaunch.irpp.org\/fr\/wp-json\/wp\/v2\/events\/169420","targetHints":{"allow":["GET"]}}],"collection":[{"href":"https:\/\/potestlaunch.irpp.org\/fr\/wp-json\/wp\/v2\/events"}],"about":[{"href":"https:\/\/potestlaunch.irpp.org\/fr\/wp-json\/wp\/v2\/types\/events"}],"wp:featuredmedia":[{"embeddable":true,"href":"https:\/\/potestlaunch.irpp.org\/fr\/wp-json\/wp\/v2\/media\/136919"}],"wp:attachment":[{"href":"https:\/\/potestlaunch.irpp.org\/fr\/wp-json\/wp\/v2\/media?parent=169420"}],"wp:term":[{"taxonomy":"event-source","embeddable":true,"href":"https:\/\/potestlaunch.irpp.org\/fr\/wp-json\/wp\/v2\/event-source?post=169420"},{"taxonomy":"event-type","embeddable":true,"href":"https:\/\/potestlaunch.irpp.org\/fr\/wp-json\/wp\/v2\/event-type?post=169420"}],"curies":[{"name":"wp","href":"https:\/\/api.w.org\/{rel}","templated":true}]}}

La relation des citoyens avec les institutions durant la pandémie

<p>En plus d’entendre ceux qui sont au cœur de la réponse à la pandémie, une analyse de cette réponse doit prendre en compte les points de vue et les expériences de la population dans son ensemble. Cette table ronde réunira des personnes ayant une connaissance concrète de la manière dont divers groupes ont été touchés par la pandémie. Elles examineront comment les institutions ont fonctionné pendant cette crise et détermineront comment nous pouvons faire en sorte que les voix et les expériences du public ne soient pas négligées dans le processus de prise de décision. L’événement nous permettra d’explorer des solutions pour des institutions plus efficaces et plus inclusives qui répondent mieux aux divers besoins des communautés.</p>
<hr />
<p><em>N. B.: Cette table ronde est réservée aux participants inscrits à l&rsquo;ensemble de la conférence. Pour plus d&rsquo;informations, <a href="https://irpp.org/fr/irpp-event/institutions-resilientes-apprendre-de-la-pandemie-de-covid-19-au-canada/">visitez la page principale de la conférence</a>. </em><em>Seuls les participants ayant confirmé leur présence sont présentés ici. La composition de la table ronde n&rsquo;est pas encore finale.</em></p>
<p>Prochaine table ronde : <a href="https://irpp.org/fr/irpp-event/la-confiance-la-communication-et-la-prise-de-decision/">La confiance, la communication et la prise de décision</a></p>

<p>En plus d’entendre ceux qui sont au cœur de la réponse à la pandémie, une analyse de cette réponse doit prendre en compte les points de vue et les expériences de la population dans son ensemble. Cette table ronde réunira des personnes ayant une connaissance concrète de la manière dont divers groupes ont été touchés [&hellip;]</p>

<!-- This site is optimized with the Yoast SEO plugin v25.2 - https://yoast.com/wordpress/plugins/seo/ -->
<title>La relation des citoyens avec les institutions durant la pandémie - Policy Options</title>
<meta name="robots" content="index, follow, max-snippet:-1, max-image-preview:large, max-video-preview:-1" />
<link rel="canonical" href="https://potestlaunch.irpp.org/fr/events/la-relation-des-citoyens-avec-les-institutions-durant-la-pandemie/" />
<meta property="og:locale" content="fr_FR" />
<meta property="og:type" content="article" />
<meta property="og:title" content="La relation des citoyens avec les institutions durant la pandémie - Policy Options" />
<meta property="og:description" content="En plus d’entendre ceux qui sont au cœur de la réponse à la pandémie, une analyse de cette réponse doit prendre en compte les points de vue et les expériences de la population dans son ensemble. Cette table ronde réunira des personnes ayant une connaissance concrète de la manière dont divers groupes ont été touchés [&hellip;]" />
<meta property="og:url" content="https://potestlaunch.irpp.org/fr/events/la-relation-des-citoyens-avec-les-institutions-durant-la-pandemie/" />
<meta property="og:site_name" content="Policy Options" />
<meta property="article:publisher" content="https://www.facebook.com/IRPP.org" />
<meta property="og:image" content="https://potestlaunch.irpp.org/wp-content/uploads/2025/03/Resilient-Institutions-Learning-from-Canadas-COVID-19-Pandemic.jpg" />
	<meta property="og:image:width" content="1920" />
	<meta property="og:image:height" content="1080" />
	<meta property="og:image:type" content="image/jpeg" />
<meta name="twitter:card" content="summary_large_image" />
<meta name="twitter:site" content="@irpp" />
<meta name="twitter:label1" content="Est. reading time" />
	<meta name="twitter:data1" content="1 minute" />
<script type="application/ld+json" class="yoast-schema-graph">{"@context":"https://schema.org","@graph":[{"@type":"WebPage","@id":"https://potestlaunch.irpp.org/fr/events/la-relation-des-citoyens-avec-les-institutions-durant-la-pandemie/","url":"https://potestlaunch.irpp.org/fr/events/la-relation-des-citoyens-avec-les-institutions-durant-la-pandemie/","name":"La relation des citoyens avec les institutions durant la pandémie - Policy Options","isPartOf":{"@id":"https://potestlaunch.irpp.org/fr/#website"},"primaryImageOfPage":{"@id":"https://potestlaunch.irpp.org/fr/events/la-relation-des-citoyens-avec-les-institutions-durant-la-pandemie/#primaryimage"},"image":{"@id":"https://potestlaunch.irpp.org/fr/events/la-relation-des-citoyens-avec-les-institutions-durant-la-pandemie/#primaryimage"},"thumbnailUrl":"https://potestlaunch.irpp.org/wp-content/uploads/2025/03/Resilient-Institutions-Learning-from-Canadas-COVID-19-Pandemic.jpg","datePublished":"2023-04-05T18:04:53+00:00","breadcrumb":{"@id":"https://potestlaunch.irpp.org/fr/events/la-relation-des-citoyens-avec-les-institutions-durant-la-pandemie/#breadcrumb"},"inLanguage":"fr-FR","potentialAction":[{"@type":"ReadAction","target":["https://potestlaunch.irpp.org/fr/events/la-relation-des-citoyens-avec-les-institutions-durant-la-pandemie/"]}]},{"@type":"ImageObject","inLanguage":"fr-FR","@id":"https://potestlaunch.irpp.org/fr/events/la-relation-des-citoyens-avec-les-institutions-durant-la-pandemie/#primaryimage","url":"https://potestlaunch.irpp.org/wp-content/uploads/2025/03/Resilient-Institutions-Learning-from-Canadas-COVID-19-Pandemic.jpg","contentUrl":"https://potestlaunch.irpp.org/wp-content/uploads/2025/03/Resilient-Institutions-Learning-from-Canadas-COVID-19-Pandemic.jpg","width":1920,"height":1080},{"@type":"BreadcrumbList","@id":"https://potestlaunch.irpp.org/fr/events/la-relation-des-citoyens-avec-les-institutions-durant-la-pandemie/#breadcrumb","itemListElement":[{"@type":"ListItem","position":1,"name":"Home","item":"https://potestlaunch.irpp.org/fr/"},{"@type":"ListItem","position":2,"name":"La relation des citoyens avec les institutions durant la pandémie"}]},{"@type":"WebSite","@id":"https://potestlaunch.irpp.org/fr/#website","url":"https://potestlaunch.irpp.org/fr/","name":"Policy Options","description":"Institute for Research on Public Policy","publisher":{"@id":"https://potestlaunch.irpp.org/fr/#organization"},"potentialAction":[{"@type":"SearchAction","target":{"@type":"EntryPoint","urlTemplate":"https://potestlaunch.irpp.org/fr/?s={search_term_string}"},"query-input":{"@type":"PropertyValueSpecification","valueRequired":true,"valueName":"search_term_string"}}],"inLanguage":"fr-FR"},{"@type":"Organization","@id":"https://potestlaunch.irpp.org/fr/#organization","name":"Policy Options","url":"https://potestlaunch.irpp.org/fr/","logo":{"@type":"ImageObject","inLanguage":"fr-FR","@id":"https://potestlaunch.irpp.org/fr/#/schema/logo/image/","url":"https://potestlaunch.irpp.org/wp-content/uploads/2024/11/PolicyOptions_Logo.png","contentUrl":"https://potestlaunch.irpp.org/wp-content/uploads/2024/11/PolicyOptions_Logo.png","width":1200,"height":365,"caption":"Policy Options"},"image":{"@id":"https://potestlaunch.irpp.org/fr/#/schema/logo/image/"},"sameAs":["https://www.facebook.com/IRPP.org","https://x.com/irpp"]}]}</script>
<!-- / Yoast SEO plugin. -->

La relation des citoyens avec les institutions durant la pandémie - Policy Options

En plus d’entendre ceux qui sont au cœur de la réponse à la pandémie, une analyse de cette réponse doit prendre en compte les points de vue et les expériences de la population dans son ensemble. Cette table ronde réunira des personnes ayant une connaissance concrète de la manière dont divers groupes ont été touchés [&hellip;]
