{"id":183723,"date":"2016-06-08T15:31:14","date_gmt":"2016-06-08T19:31:14","guid":{"rendered":"https:\/\/irpp-policy-options.local\/issues\/relations-nord-americaines\/"},"modified":"2025-04-14T04:20:49","modified_gmt":"2025-04-14T08:20:49","slug":"relations-nord-americaines","status":"publish","type":"issues","link":"https:\/\/potestlaunch.irpp.org\/fr\/2016\/06\/relations-nord-americaines\/","title":{"rendered":"Relations nord-am\u00e9ricaines"},"content":{"rendered":"<p>Le 29 juin, les chefs d\u2019\u00c9tat du Canada, des \u00c9tats-Unis et du Mexique se retrouveront \u00e0 Ottawa \u00e0 l\u2019occasion de leur sommet (plus ou moins) annuel. Les liens personnels qui unissent Justin Trudeau, Barack Obama et Enrique Pe\u00f1a Nieto en feront sans doute une rencontre fort conviviale, mais les espoirs d\u2019une solide alliance nord-am\u00e9ricaine se sont sensiblement amoindris au fil des ann\u00e9es. Entre les visas impos\u00e9s par le Canada aux visiteurs mexicains, la rh\u00e9torique anti-ALENA relanc\u00e9e par la course pr\u00e9sidentielle am\u00e9ricaine et les int\u00e9r\u00eats environnementaux divergents des trois pays, le concept m\u00eame des \u00ab\u00a0trois amigos\u00a0\u00bb est-il toujours pertinent\u00a0? Nos collaborateurs tenteront cette semaine de r\u00e9pondre \u00e0 la question.<\/p>\n<p>Photo: GrAl\u00a0\/\u00a0Shutterstock.com<\/p>\n","protected":false},"excerpt":{"rendered":"<p>Le 29 juin, les chefs d\u2019\u00c9tat du Canada, des \u00c9tats-Unis et du Mexique se retrouveront \u00e0 Ottawa \u00e0 l\u2019occasion de leur sommet (plus ou moins) annuel. Les liens personnels qui unissent Justin Trudeau, Barack Obama et Enrique Pe\u00f1a Nieto en feront sans doute une rencontre fort conviviale, mais les espoirs d\u2019une solide alliance nord-am\u00e9ricaine se [&hellip;]<\/p>\n","protected":false},"featured_media":31311,"template":"","meta":{"_acf_changed":false,"content-type":"","ep_exclude_from_search":false},"categories":[9382,9360,9358,9372],"tags":[8637,8453],"article-status":[],"irpp-category":[4217,4292,4229],"section":[6241],"irpp-tag":[7189,7015,7137,7067],"class_list":["post-183723","issues","type-issues","status-publish","has-post-thumbnail","hentry","category-dossiers","category-international","category-politique","category-recent-stories-fr","tag-canada-u-s-fr","tag-mexico-fr","irpp-category-affaires-internationales","irpp-category-global-affairs","irpp-category-politics","section-dossiers","irpp-tag-etats-unis","irpp-tag-mexico","irpp-tag-mexique","irpp-tag-united-states"],"acf":[],"yoast_head":"<!-- This site is optimized with the Yoast SEO plugin v25.2 - https:\/\/yoast.com\/wordpress\/plugins\/seo\/ -->\n<title>Relations nord-am\u00e9ricaines - Options politiques<\/title>\n<meta name=\"description\" content=\"Le concept m\u00eame des \u00ab trois amigos \u00bb est-il toujours pertinent ? Nos collaborateurs tenteront cette semaine de r\u00e9pondre \u00e0 la question.\" \/>\n<meta name=\"robots\" content=\"index, follow, max-snippet:-1, max-image-preview:large, max-video-preview:-1\" \/>\n<link rel=\"canonical\" href=\"https:\/\/potestlaunch.irpp.org\/fr\/2016\/06\/relations-nord-americaines\/\" \/>\n<meta property=\"og:locale\" content=\"fr_FR\" \/>\n<meta property=\"og:type\" content=\"article\" \/>\n<meta property=\"og:title\" content=\"Relations nord-am\u00e9ricaines - Options politiques\" \/>\n<meta property=\"og:description\" content=\"Le concept m\u00eame des \u00ab trois amigos \u00bb est-il toujours pertinent ? Nos collaborateurs tenteront cette semaine de r\u00e9pondre \u00e0 la question.\" \/>\n<meta property=\"og:url\" content=\"https:\/\/potestlaunch.irpp.org\/fr\/2016\/06\/relations-nord-americaines\/\" \/>\n<meta property=\"og:site_name\" content=\"Policy Options\" \/>\n<meta property=\"article:publisher\" content=\"https:\/\/www.facebook.com\/IRPP.org\" \/>\n<meta property=\"article:modified_time\" content=\"2025-04-14T08:20:49+00:00\" \/>\n<meta property=\"og:image\" content=\"https:\/\/potestlaunch.irpp.org\/wp-content\/uploads\/2016\/06\/nafta-1.jpg\" \/>\n\t<meta property=\"og:image:width\" content=\"2000\" \/>\n\t<meta property=\"og:image:height\" content=\"700\" \/>\n\t<meta property=\"og:image:type\" content=\"image\/jpeg\" \/>\n<meta name=\"twitter:card\" content=\"summary_large_image\" \/>\n<meta name=\"twitter:site\" content=\"@irpp\" \/>\n<meta name=\"twitter:label1\" content=\"Est. reading time\" \/>\n\t<meta name=\"twitter:data1\" content=\"1 minute\" \/>\n<script type=\"application\/ld+json\" class=\"yoast-schema-graph\">{\"@context\":\"https:\/\/schema.org\",\"@graph\":[{\"@type\":\"WebPage\",\"@id\":\"https:\/\/potestlaunch.irpp.org\/fr\/2016\/06\/relations-nord-americaines\/\",\"url\":\"https:\/\/potestlaunch.irpp.org\/fr\/2016\/06\/relations-nord-americaines\/\",\"name\":\"Relations nord-am\u00e9ricaines - Options politiques\",\"isPartOf\":{\"@id\":\"https:\/\/potestlaunch.irpp.org\/fr\/#website\"},\"primaryImageOfPage\":{\"@id\":\"https:\/\/potestlaunch.irpp.org\/fr\/2016\/06\/relations-nord-americaines\/#primaryimage\"},\"image\":{\"@id\":\"https:\/\/potestlaunch.irpp.org\/fr\/2016\/06\/relations-nord-americaines\/#primaryimage\"},\"thumbnailUrl\":\"https:\/\/potestlaunch.irpp.org\/wp-content\/uploads\/2016\/06\/nafta-1.jpg\",\"datePublished\":\"2016-06-08T19:31:14+00:00\",\"dateModified\":\"2025-04-14T08:20:49+00:00\",\"description\":\"Le concept m\u00eame des \u00ab trois amigos \u00bb est-il toujours pertinent ? Nos collaborateurs tenteront cette semaine de r\u00e9pondre \u00e0 la question.\",\"breadcrumb\":{\"@id\":\"https:\/\/potestlaunch.irpp.org\/fr\/2016\/06\/relations-nord-americaines\/#breadcrumb\"},\"inLanguage\":\"fr-FR\",\"potentialAction\":[{\"@type\":\"ReadAction\",\"target\":[\"https:\/\/potestlaunch.irpp.org\/fr\/2016\/06\/relations-nord-americaines\/\"]}]},{\"@type\":\"ImageObject\",\"inLanguage\":\"fr-FR\",\"@id\":\"https:\/\/potestlaunch.irpp.org\/fr\/2016\/06\/relations-nord-americaines\/#primaryimage\",\"url\":\"https:\/\/potestlaunch.irpp.org\/wp-content\/uploads\/2016\/06\/nafta-1.jpg\",\"contentUrl\":\"https:\/\/potestlaunch.irpp.org\/wp-content\/uploads\/2016\/06\/nafta-1.jpg\",\"width\":2000,\"height\":700},{\"@type\":\"BreadcrumbList\",\"@id\":\"https:\/\/potestlaunch.irpp.org\/fr\/2016\/06\/relations-nord-americaines\/#breadcrumb\",\"itemListElement\":[{\"@type\":\"ListItem\",\"position\":1,\"name\":\"Home\",\"item\":\"https:\/\/potestlaunch.irpp.org\/fr\/\"},{\"@type\":\"ListItem\",\"position\":2,\"name\":\"Juin 2016\",\"item\":\"https:\/\/potestlaunch.irpp.org\/fr\/2016\/06\/juin-2016\/\"},{\"@type\":\"ListItem\",\"position\":3,\"name\":\"Relations nord-am\u00e9ricaines\"}]},{\"@type\":\"WebSite\",\"@id\":\"https:\/\/potestlaunch.irpp.org\/fr\/#website\",\"url\":\"https:\/\/potestlaunch.irpp.org\/fr\/\",\"name\":\"Policy Options\",\"description\":\"Institute for Research on Public Policy\",\"publisher\":{\"@id\":\"https:\/\/potestlaunch.irpp.org\/fr\/#organization\"},\"potentialAction\":[{\"@type\":\"SearchAction\",\"target\":{\"@type\":\"EntryPoint\",\"urlTemplate\":\"https:\/\/potestlaunch.irpp.org\/fr\/?s={search_term_string}\"},\"query-input\":{\"@type\":\"PropertyValueSpecification\",\"valueRequired\":true,\"valueName\":\"search_term_string\"}}],\"inLanguage\":\"fr-FR\"},{\"@type\":\"Organization\",\"@id\":\"https:\/\/potestlaunch.irpp.org\/fr\/#organization\",\"name\":\"Policy Options\",\"url\":\"https:\/\/potestlaunch.irpp.org\/fr\/\",\"logo\":{\"@type\":\"ImageObject\",\"inLanguage\":\"fr-FR\",\"@id\":\"https:\/\/potestlaunch.irpp.org\/fr\/#\/schema\/logo\/image\/\",\"url\":\"https:\/\/potestlaunch.irpp.org\/wp-content\/uploads\/2024\/11\/PolicyOptions_Logo.png\",\"contentUrl\":\"https:\/\/potestlaunch.irpp.org\/wp-content\/uploads\/2024\/11\/PolicyOptions_Logo.png\",\"width\":1200,\"height\":365,\"caption\":\"Policy Options\"},\"image\":{\"@id\":\"https:\/\/potestlaunch.irpp.org\/fr\/#\/schema\/logo\/image\/\"},\"sameAs\":[\"https:\/\/www.facebook.com\/IRPP.org\",\"https:\/\/x.com\/irpp\"]}]}<\/script>\n<!-- \/ Yoast SEO plugin. -->","yoast_head_json":{"title":"Relations nord-am\u00e9ricaines - Options politiques","description":"Le concept m\u00eame des \u00ab trois amigos \u00bb est-il toujours pertinent ? Nos collaborateurs tenteront cette semaine de r\u00e9pondre \u00e0 la question.","robots":{"index":"index","follow":"follow","max-snippet":"max-snippet:-1","max-image-preview":"max-image-preview:large","max-video-preview":"max-video-preview:-1"},"canonical":"https:\/\/potestlaunch.irpp.org\/fr\/2016\/06\/relations-nord-americaines\/","og_locale":"fr_FR","og_type":"article","og_title":"Relations nord-am\u00e9ricaines - Options politiques","og_description":"Le concept m\u00eame des \u00ab trois amigos \u00bb est-il toujours pertinent ? Nos collaborateurs tenteront cette semaine de r\u00e9pondre \u00e0 la question.","og_url":"https:\/\/potestlaunch.irpp.org\/fr\/2016\/06\/relations-nord-americaines\/","og_site_name":"Policy Options","article_publisher":"https:\/\/www.facebook.com\/IRPP.org","article_modified_time":"2025-04-14T08:20:49+00:00","og_image":[{"width":2000,"height":700,"url":"https:\/\/potestlaunch.irpp.org\/wp-content\/uploads\/2016\/06\/nafta-1.jpg","type":"image\/jpeg"}],"twitter_card":"summary_large_image","twitter_site":"@irpp","twitter_misc":{"Est. reading time":"1 minute"},"schema":{"@context":"https:\/\/schema.org","@graph":[{"@type":"WebPage","@id":"https:\/\/potestlaunch.irpp.org\/fr\/2016\/06\/relations-nord-americaines\/","url":"https:\/\/potestlaunch.irpp.org\/fr\/2016\/06\/relations-nord-americaines\/","name":"Relations nord-am\u00e9ricaines - Options politiques","isPartOf":{"@id":"https:\/\/potestlaunch.irpp.org\/fr\/#website"},"primaryImageOfPage":{"@id":"https:\/\/potestlaunch.irpp.org\/fr\/2016\/06\/relations-nord-americaines\/#primaryimage"},"image":{"@id":"https:\/\/potestlaunch.irpp.org\/fr\/2016\/06\/relations-nord-americaines\/#primaryimage"},"thumbnailUrl":"https:\/\/potestlaunch.irpp.org\/wp-content\/uploads\/2016\/06\/nafta-1.jpg","datePublished":"2016-06-08T19:31:14+00:00","dateModified":"2025-04-14T08:20:49+00:00","description":"Le concept m\u00eame des \u00ab trois amigos \u00bb est-il toujours pertinent ? Nos collaborateurs tenteront cette semaine de r\u00e9pondre \u00e0 la question.","breadcrumb":{"@id":"https:\/\/potestlaunch.irpp.org\/fr\/2016\/06\/relations-nord-americaines\/#breadcrumb"},"inLanguage":"fr-FR","potentialAction":[{"@type":"ReadAction","target":["https:\/\/potestlaunch.irpp.org\/fr\/2016\/06\/relations-nord-americaines\/"]}]},{"@type":"ImageObject","inLanguage":"fr-FR","@id":"https:\/\/potestlaunch.irpp.org\/fr\/2016\/06\/relations-nord-americaines\/#primaryimage","url":"https:\/\/potestlaunch.irpp.org\/wp-content\/uploads\/2016\/06\/nafta-1.jpg","contentUrl":"https:\/\/potestlaunch.irpp.org\/wp-content\/uploads\/2016\/06\/nafta-1.jpg","width":2000,"height":700},{"@type":"BreadcrumbList","@id":"https:\/\/potestlaunch.irpp.org\/fr\/2016\/06\/relations-nord-americaines\/#breadcrumb","itemListElement":[{"@type":"ListItem","position":1,"name":"Home","item":"https:\/\/potestlaunch.irpp.org\/fr\/"},{"@type":"ListItem","position":2,"name":"Juin 2016","item":"https:\/\/potestlaunch.irpp.org\/fr\/2016\/06\/juin-2016\/"},{"@type":"ListItem","position":3,"name":"Relations nord-am\u00e9ricaines"}]},{"@type":"WebSite","@id":"https:\/\/potestlaunch.irpp.org\/fr\/#website","url":"https:\/\/potestlaunch.irpp.org\/fr\/","name":"Policy Options","description":"Institute for Research on Public Policy","publisher":{"@id":"https:\/\/potestlaunch.irpp.org\/fr\/#organization"},"potentialAction":[{"@type":"SearchAction","target":{"@type":"EntryPoint","urlTemplate":"https:\/\/potestlaunch.irpp.org\/fr\/?s={search_term_string}"},"query-input":{"@type":"PropertyValueSpecification","valueRequired":true,"valueName":"search_term_string"}}],"inLanguage":"fr-FR"},{"@type":"Organization","@id":"https:\/\/potestlaunch.irpp.org\/fr\/#organization","name":"Policy Options","url":"https:\/\/potestlaunch.irpp.org\/fr\/","logo":{"@type":"ImageObject","inLanguage":"fr-FR","@id":"https:\/\/potestlaunch.irpp.org\/fr\/#\/schema\/logo\/image\/","url":"https:\/\/potestlaunch.irpp.org\/wp-content\/uploads\/2024\/11\/PolicyOptions_Logo.png","contentUrl":"https:\/\/potestlaunch.irpp.org\/wp-content\/uploads\/2024\/11\/PolicyOptions_Logo.png","width":1200,"height":365,"caption":"Policy Options"},"image":{"@id":"https:\/\/potestlaunch.irpp.org\/fr\/#\/schema\/logo\/image\/"},"sameAs":["https:\/\/www.facebook.com\/IRPP.org","https:\/\/x.com\/irpp"]}]}},"_links":{"self":[{"href":"https:\/\/potestlaunch.irpp.org\/fr\/wp-json\/wp\/v2\/issues\/183723","targetHints":{"allow":["GET"]}}],"collection":[{"href":"https:\/\/potestlaunch.irpp.org\/fr\/wp-json\/wp\/v2\/issues"}],"about":[{"href":"https:\/\/potestlaunch.irpp.org\/fr\/wp-json\/wp\/v2\/types\/issues"}],"wp:featuredmedia":[{"embeddable":true,"href":"https:\/\/potestlaunch.irpp.org\/fr\/wp-json\/wp\/v2\/media\/31311"}],"wp:attachment":[{"href":"https:\/\/potestlaunch.irpp.org\/fr\/wp-json\/wp\/v2\/media?parent=183723"}],"wp:term":[{"taxonomy":"category","embeddable":true,"href":"https:\/\/potestlaunch.irpp.org\/fr\/wp-json\/wp\/v2\/categories?post=183723"},{"taxonomy":"post_tag","embeddable":true,"href":"https:\/\/potestlaunch.irpp.org\/fr\/wp-json\/wp\/v2\/tags?post=183723"},{"taxonomy":"article-status","embeddable":true,"href":"https:\/\/potestlaunch.irpp.org\/fr\/wp-json\/wp\/v2\/article-status?post=183723"},{"taxonomy":"irpp-category","embeddable":true,"href":"https:\/\/potestlaunch.irpp.org\/fr\/wp-json\/wp\/v2\/irpp-category?post=183723"},{"taxonomy":"section","embeddable":true,"href":"https:\/\/potestlaunch.irpp.org\/fr\/wp-json\/wp\/v2\/section?post=183723"},{"taxonomy":"irpp-tag","embeddable":true,"href":"https:\/\/potestlaunch.irpp.org\/fr\/wp-json\/wp\/v2\/irpp-tag?post=183723"}],"curies":[{"name":"wp","href":"https:\/\/api.w.org\/{rel}","templated":true}]}}

Relations nord-américaines

<p>Le 29 juin, les chefs d’État du Canada, des États-Unis et du Mexique se retrouveront à Ottawa à l’occasion de leur sommet (plus ou moins) annuel. Les liens personnels qui unissent Justin Trudeau, Barack Obama et Enrique Peña Nieto en feront sans doute une rencontre fort conviviale, mais les espoirs d’une solide alliance nord-américaine se sont sensiblement amoindris au fil des années. Entre les visas imposés par le Canada aux visiteurs mexicains, la rhétorique anti-ALENA relancée par la course présidentielle américaine et les intérêts environnementaux divergents des trois pays, le concept même des « trois amigos » est-il toujours pertinent ? Nos collaborateurs tenteront cette semaine de répondre à la question.</p>
<p>Photo: GrAl / Shutterstock.com</p>

<p>Le 29 juin, les chefs d’État du Canada, des États-Unis et du Mexique se retrouveront à Ottawa à l’occasion de leur sommet (plus ou moins) annuel. Les liens personnels qui unissent Justin Trudeau, Barack Obama et Enrique Peña Nieto en feront sans doute une rencontre fort conviviale, mais les espoirs d’une solide alliance nord-américaine se [&hellip;]</p>

<!-- This site is optimized with the Yoast SEO plugin v25.2 - https://yoast.com/wordpress/plugins/seo/ -->
<title>Relations nord-américaines - Options politiques</title>
<meta name="description" content="Le concept même des « trois amigos » est-il toujours pertinent ? Nos collaborateurs tenteront cette semaine de répondre à la question." />
<meta name="robots" content="index, follow, max-snippet:-1, max-image-preview:large, max-video-preview:-1" />
<link rel="canonical" href="https://potestlaunch.irpp.org/fr/2016/06/relations-nord-americaines/" />
<meta property="og:locale" content="fr_FR" />
<meta property="og:type" content="article" />
<meta property="og:title" content="Relations nord-américaines - Options politiques" />
<meta property="og:description" content="Le concept même des « trois amigos » est-il toujours pertinent ? Nos collaborateurs tenteront cette semaine de répondre à la question." />
<meta property="og:url" content="https://potestlaunch.irpp.org/fr/2016/06/relations-nord-americaines/" />
<meta property="og:site_name" content="Policy Options" />
<meta property="article:publisher" content="https://www.facebook.com/IRPP.org" />
<meta property="article:modified_time" content="2025-04-14T08:20:49+00:00" />
<meta property="og:image" content="https://potestlaunch.irpp.org/wp-content/uploads/2016/06/nafta-1.jpg" />
	<meta property="og:image:width" content="2000" />
	<meta property="og:image:height" content="700" />
	<meta property="og:image:type" content="image/jpeg" />
<meta name="twitter:card" content="summary_large_image" />
<meta name="twitter:site" content="@irpp" />
<meta name="twitter:label1" content="Est. reading time" />
	<meta name="twitter:data1" content="1 minute" />
<script type="application/ld+json" class="yoast-schema-graph">{"@context":"https://schema.org","@graph":[{"@type":"WebPage","@id":"https://potestlaunch.irpp.org/fr/2016/06/relations-nord-americaines/","url":"https://potestlaunch.irpp.org/fr/2016/06/relations-nord-americaines/","name":"Relations nord-américaines - Options politiques","isPartOf":{"@id":"https://potestlaunch.irpp.org/fr/#website"},"primaryImageOfPage":{"@id":"https://potestlaunch.irpp.org/fr/2016/06/relations-nord-americaines/#primaryimage"},"image":{"@id":"https://potestlaunch.irpp.org/fr/2016/06/relations-nord-americaines/#primaryimage"},"thumbnailUrl":"https://potestlaunch.irpp.org/wp-content/uploads/2016/06/nafta-1.jpg","datePublished":"2016-06-08T19:31:14+00:00","dateModified":"2025-04-14T08:20:49+00:00","description":"Le concept même des « trois amigos » est-il toujours pertinent ? Nos collaborateurs tenteront cette semaine de répondre à la question.","breadcrumb":{"@id":"https://potestlaunch.irpp.org/fr/2016/06/relations-nord-americaines/#breadcrumb"},"inLanguage":"fr-FR","potentialAction":[{"@type":"ReadAction","target":["https://potestlaunch.irpp.org/fr/2016/06/relations-nord-americaines/"]}]},{"@type":"ImageObject","inLanguage":"fr-FR","@id":"https://potestlaunch.irpp.org/fr/2016/06/relations-nord-americaines/#primaryimage","url":"https://potestlaunch.irpp.org/wp-content/uploads/2016/06/nafta-1.jpg","contentUrl":"https://potestlaunch.irpp.org/wp-content/uploads/2016/06/nafta-1.jpg","width":2000,"height":700},{"@type":"BreadcrumbList","@id":"https://potestlaunch.irpp.org/fr/2016/06/relations-nord-americaines/#breadcrumb","itemListElement":[{"@type":"ListItem","position":1,"name":"Home","item":"https://potestlaunch.irpp.org/fr/"},{"@type":"ListItem","position":2,"name":"Juin 2016","item":"https://potestlaunch.irpp.org/fr/2016/06/juin-2016/"},{"@type":"ListItem","position":3,"name":"Relations nord-américaines"}]},{"@type":"WebSite","@id":"https://potestlaunch.irpp.org/fr/#website","url":"https://potestlaunch.irpp.org/fr/","name":"Policy Options","description":"Institute for Research on Public Policy","publisher":{"@id":"https://potestlaunch.irpp.org/fr/#organization"},"potentialAction":[{"@type":"SearchAction","target":{"@type":"EntryPoint","urlTemplate":"https://potestlaunch.irpp.org/fr/?s={search_term_string}"},"query-input":{"@type":"PropertyValueSpecification","valueRequired":true,"valueName":"search_term_string"}}],"inLanguage":"fr-FR"},{"@type":"Organization","@id":"https://potestlaunch.irpp.org/fr/#organization","name":"Policy Options","url":"https://potestlaunch.irpp.org/fr/","logo":{"@type":"ImageObject","inLanguage":"fr-FR","@id":"https://potestlaunch.irpp.org/fr/#/schema/logo/image/","url":"https://potestlaunch.irpp.org/wp-content/uploads/2024/11/PolicyOptions_Logo.png","contentUrl":"https://potestlaunch.irpp.org/wp-content/uploads/2024/11/PolicyOptions_Logo.png","width":1200,"height":365,"caption":"Policy Options"},"image":{"@id":"https://potestlaunch.irpp.org/fr/#/schema/logo/image/"},"sameAs":["https://www.facebook.com/IRPP.org","https://x.com/irpp"]}]}</script>
<!-- / Yoast SEO plugin. -->

Relations nord-américaines - Options politiques

Le concept même des « trois amigos » est-il toujours pertinent ? Nos collaborateurs tenteront cette semaine de répondre à la question.
